{"id":1092,"date":"2020-06-14T06:56:52","date_gmt":"2020-06-14T06:56:52","guid":{"rendered":"http:\/\/www.turtolankyla.fi\/?page_id=1092"},"modified":"2026-01-20T12:15:20","modified_gmt":"2026-01-20T12:15:20","slug":"mean-kyla","status":"publish","type":"page","link":"http:\/\/www.turtolankyla.fi\/?page_id=1092","title":{"rendered":"Vuoden 2025 Lappilainen kyl\u00e4"},"content":{"rendered":"\n<figure class=\"wp-block-image size-large\"><img loading=\"lazy\" decoding=\"async\" width=\"1024\" height=\"839\" src=\"https:\/\/www.turtolankyla.fi\/wp-content\/uploads\/2026\/01\/IMG-20250817-WA00012-1024x839.jpg\" alt=\"\" class=\"wp-image-1415\" srcset=\"http:\/\/www.turtolankyla.fi\/wp-content\/uploads\/2026\/01\/IMG-20250817-WA00012-1024x839.jpg 1024w, http:\/\/www.turtolankyla.fi\/wp-content\/uploads\/2026\/01\/IMG-20250817-WA00012-300x246.jpg 300w, http:\/\/www.turtolankyla.fi\/wp-content\/uploads\/2026\/01\/IMG-20250817-WA00012-768x629.jpg 768w, http:\/\/www.turtolankyla.fi\/wp-content\/uploads\/2026\/01\/IMG-20250817-WA00012-1x1.jpg 1w, http:\/\/www.turtolankyla.fi\/wp-content\/uploads\/2026\/01\/IMG-20250817-WA00012.jpg 1111w\" sizes=\"auto, (max-width: 1024px) 100vw, 1024px\" \/><figcaption class=\"wp-element-caption\">Turtola valittiin Vuoden 2025 Lappilaiseksi kyl\u00e4ksi!<\/figcaption><\/figure>\n\n\n\n<figure class=\"wp-block-embed is-type-video is-provider-youtube wp-block-embed-youtube wp-embed-aspect-16-9 wp-has-aspect-ratio\"><div class=\"wp-block-embed__wrapper\">\n<iframe loading=\"lazy\" title=\"Kyl\u00e4esittely Turtola, Vuoden 2025 Lappilainen kyl\u00e4\" width=\"654\" height=\"368\" src=\"https:\/\/www.youtube.com\/embed\/OuA1iEAXjYU?feature=oembed\" frameborder=\"0\" allow=\"accelerometer; autoplay; clipboard-write; encrypted-media; gyroscope; picture-in-picture; web-share\" referrerpolicy=\"strict-origin-when-cross-origin\" allowfullscreen><\/iframe>\n<\/div><figcaption class=\"wp-element-caption\">Kyl\u00e4esittely, Vuoden 2025 Lappilainen kyl\u00e4<\/figcaption><\/figure>\n\n\n\n<figure class=\"wp-block-embed is-type-video is-provider-youtube wp-block-embed-youtube wp-embed-aspect-16-9 wp-has-aspect-ratio\"><div class=\"wp-block-embed__wrapper\">\n<iframe loading=\"lazy\" title=\"Turtolan talvi\" width=\"654\" height=\"368\" src=\"https:\/\/www.youtube.com\/embed\/Bp0l6XPI0G0?feature=oembed\" frameborder=\"0\" allow=\"accelerometer; autoplay; clipboard-write; encrypted-media; gyroscope; picture-in-picture; web-share\" referrerpolicy=\"strict-origin-when-cross-origin\" allowfullscreen><\/iframe>\n<\/div><figcaption class=\"wp-element-caption\">Turtolan talvi<\/figcaption><\/figure>\n\n\n\n<figure class=\"wp-block-embed is-type-video is-provider-youtube wp-block-embed-youtube wp-embed-aspect-16-9 wp-has-aspect-ratio\"><div class=\"wp-block-embed__wrapper\">\n<iframe loading=\"lazy\" title=\"TURTOLA - TORNIONLAAKSON HELMI\" width=\"654\" height=\"368\" src=\"https:\/\/www.youtube.com\/embed\/_zSqeOjSCvg?feature=oembed\" frameborder=\"0\" allow=\"accelerometer; autoplay; clipboard-write; encrypted-media; gyroscope; picture-in-picture; web-share\" referrerpolicy=\"strict-origin-when-cross-origin\" allowfullscreen><\/iframe>\n<\/div><figcaption class=\"wp-element-caption\">Kyl\u00e4ajelulla kes\u00e4l\u00e4 2020<\/figcaption><\/figure>\n\n\n\n<p>#avoimetkylat #kylille<\/p>\n\n\n\n<figure class=\"wp-block-gallery has-nested-images columns-default is-cropped wp-block-gallery-1 is-layout-flex wp-block-gallery-is-layout-flex\">\n<figure class=\"wp-block-image size-large\"><img loading=\"lazy\" decoding=\"async\" width=\"819\" height=\"1024\" data-id=\"1413\" src=\"https:\/\/www.turtolankyla.fi\/wp-content\/uploads\/2026\/01\/3-819x1024.png\" alt=\"\" class=\"wp-image-1413\" srcset=\"http:\/\/www.turtolankyla.fi\/wp-content\/uploads\/2026\/01\/3-819x1024.png 819w, http:\/\/www.turtolankyla.fi\/wp-content\/uploads\/2026\/01\/3-240x300.png 240w, http:\/\/www.turtolankyla.fi\/wp-content\/uploads\/2026\/01\/3-768x960.png 768w, http:\/\/www.turtolankyla.fi\/wp-content\/uploads\/2026\/01\/3-1x1.png 1w, http:\/\/www.turtolankyla.fi\/wp-content\/uploads\/2026\/01\/3.png 1080w\" sizes=\"auto, (max-width: 819px) 100vw, 819px\" \/><\/figure>\n<\/figure>\n","protected":false},"excerpt":{"rendered":"<p>#avoimetkylat #kylille<\/p>\n","protected":false},"author":1,"featured_media":0,"parent":0,"menu_order":0,"comment_status":"closed","ping_status":"closed","template":"","meta":{"_mc_calendar":[],"footnotes":""},"class_list":["post-1092","page","type-page","status-publish","hentry"],"_links":{"self":[{"href":"http:\/\/www.turtolankyla.fi\/index.php?rest_route=\/wp\/v2\/pages\/1092","targetHints":{"allow":["GET"]}}],"collection":[{"href":"http:\/\/www.turtolankyla.fi\/index.php?rest_route=\/wp\/v2\/pages"}],"about":[{"href":"http:\/\/www.turtolankyla.fi\/index.php?rest_route=\/wp\/v2\/types\/page"}],"author":[{"embeddable":true,"href":"http:\/\/www.turtolankyla.fi\/index.php?rest_route=\/wp\/v2\/users\/1"}],"replies":[{"embeddable":true,"href":"http:\/\/www.turtolankyla.fi\/index.php?rest_route=%2Fwp%2Fv2%2Fcomments&post=1092"}],"version-history":[{"count":7,"href":"http:\/\/www.turtolankyla.fi\/index.php?rest_route=\/wp\/v2\/pages\/1092\/revisions"}],"predecessor-version":[{"id":1425,"href":"http:\/\/www.turtolankyla.fi\/index.php?rest_route=\/wp\/v2\/pages\/1092\/revisions\/1425"}],"wp:attachment":[{"href":"http:\/\/www.turtolankyla.fi\/index.php?rest_route=%2Fwp%2Fv2%2Fmedia&parent=1092"}],"curies":[{"name":"wp","href":"https:\/\/api.w.org\/{rel}","templated":true}]}}