{"id":690,"date":"2019-06-30T09:00:22","date_gmt":"2019-06-30T09:00:22","guid":{"rendered":"http:\/\/www.turtolankyla.fi\/?page_id=690"},"modified":"2026-01-20T11:25:42","modified_gmt":"2026-01-20T11:25:42","slug":"sydaniskuri","status":"publish","type":"page","link":"http:\/\/www.turtolankyla.fi\/?page_id=690","title":{"rendered":"Syd\u00e4niskurit"},"content":{"rendered":"\n<h2 class=\"wp-block-heading\">Koulunm\u00e4ell\u00e4, Torniontie 148 A, Turtola<\/h2>\n\n\n\n<p>Syd\u00e4niskuri sijaitsee koulun p\u00e4\u00e4sis\u00e4\u00e4nk\u00e4ynnill\u00e4. Lukkorasian koodin saat soittamalla ovessa n\u00e4kyviin numeroihin.<\/p>\n\n\n\n<h2 class=\"wp-block-heading\">Seurakuntakodilla, Torniontie 134, Turtola<\/h2>\n\n\n\n<figure class=\"wp-block-image\"><img loading=\"lazy\" decoding=\"async\" width=\"1024\" height=\"768\" src=\"http:\/\/www.turtolankyla.fi\/wp-content\/uploads\/2019\/06\/20190627_194431-1024x768.jpg\" alt=\"\" class=\"wp-image-691\" srcset=\"http:\/\/www.turtolankyla.fi\/wp-content\/uploads\/2019\/06\/20190627_194431-1024x768.jpg 1024w, http:\/\/www.turtolankyla.fi\/wp-content\/uploads\/2019\/06\/20190627_194431-300x225.jpg 300w, http:\/\/www.turtolankyla.fi\/wp-content\/uploads\/2019\/06\/20190627_194431-768x576.jpg 768w, http:\/\/www.turtolankyla.fi\/wp-content\/uploads\/2019\/06\/20190627_194431-1x1.jpg 1w\" sizes=\"auto, (max-width: 1024px) 100vw, 1024px\" \/><figcaption class=\"wp-element-caption\">Syd\u00e4niskuri sijaitsee Seurakuntakodilla kirkon puoleisessa p\u00e4\u00e4dyss\u00e4.<\/figcaption><\/figure>\n\n\n\n<figure class=\"wp-block-image\"><img loading=\"lazy\" decoding=\"async\" width=\"1024\" height=\"768\" src=\"http:\/\/www.turtolankyla.fi\/wp-content\/uploads\/2019\/06\/20190627_194509-1024x768.jpg\" alt=\"\" class=\"wp-image-692\" srcset=\"http:\/\/www.turtolankyla.fi\/wp-content\/uploads\/2019\/06\/20190627_194509-1024x768.jpg 1024w, http:\/\/www.turtolankyla.fi\/wp-content\/uploads\/2019\/06\/20190627_194509-300x225.jpg 300w, http:\/\/www.turtolankyla.fi\/wp-content\/uploads\/2019\/06\/20190627_194509-768x576.jpg 768w, http:\/\/www.turtolankyla.fi\/wp-content\/uploads\/2019\/06\/20190627_194509-1x1.jpg 1w\" sizes=\"auto, (max-width: 1024px) 100vw, 1024px\" \/><figcaption class=\"wp-element-caption\">Oven vieress\u00e4 on avain koodin takana. Koodin saat soittamalla alla oleviin numeroihin.<\/figcaption><\/figure>\n\n\n\n<figure class=\"wp-block-image\"><img loading=\"lazy\" decoding=\"async\" width=\"1024\" height=\"768\" src=\"http:\/\/www.turtolankyla.fi\/wp-content\/uploads\/2019\/06\/20190627_131828-1024x768.jpg\" alt=\"\" class=\"wp-image-693\" srcset=\"http:\/\/www.turtolankyla.fi\/wp-content\/uploads\/2019\/06\/20190627_131828-1024x768.jpg 1024w, http:\/\/www.turtolankyla.fi\/wp-content\/uploads\/2019\/06\/20190627_131828-300x225.jpg 300w, http:\/\/www.turtolankyla.fi\/wp-content\/uploads\/2019\/06\/20190627_131828-768x576.jpg 768w, http:\/\/www.turtolankyla.fi\/wp-content\/uploads\/2019\/06\/20190627_131828-1x1.jpg 1w\" sizes=\"auto, (max-width: 1024px) 100vw, 1024px\" \/><figcaption class=\"wp-element-caption\">Syd\u00e4niskuribon heti oven takana oikealla.<\/figcaption><\/figure>\n\n\n\n<p><\/p>\n","protected":false},"excerpt":{"rendered":"<p>Koulunm\u00e4ell\u00e4, Torniontie 148 A, Turtola Syd\u00e4niskuri sijaitsee koulun p\u00e4\u00e4sis\u00e4\u00e4nk\u00e4ynnill\u00e4. Lukkorasian koodin saat soittamalla ovessa n\u00e4kyviin numeroihin. Seurakuntakodilla, Torniontie 134, Turtola<\/p>\n","protected":false},"author":1,"featured_media":0,"parent":0,"menu_order":0,"comment_status":"closed","ping_status":"closed","template":"","meta":{"_mc_calendar":[],"footnotes":""},"class_list":["post-690","page","type-page","status-publish","hentry"],"_links":{"self":[{"href":"http:\/\/www.turtolankyla.fi\/index.php?rest_route=\/wp\/v2\/pages\/690","targetHints":{"allow":["GET"]}}],"collection":[{"href":"http:\/\/www.turtolankyla.fi\/index.php?rest_route=\/wp\/v2\/pages"}],"about":[{"href":"http:\/\/www.turtolankyla.fi\/index.php?rest_route=\/wp\/v2\/types\/page"}],"author":[{"embeddable":true,"href":"http:\/\/www.turtolankyla.fi\/index.php?rest_route=\/wp\/v2\/users\/1"}],"replies":[{"embeddable":true,"href":"http:\/\/www.turtolankyla.fi\/index.php?rest_route=%2Fwp%2Fv2%2Fcomments&post=690"}],"version-history":[{"count":2,"href":"http:\/\/www.turtolankyla.fi\/index.php?rest_route=\/wp\/v2\/pages\/690\/revisions"}],"predecessor-version":[{"id":1396,"href":"http:\/\/www.turtolankyla.fi\/index.php?rest_route=\/wp\/v2\/pages\/690\/revisions\/1396"}],"wp:attachment":[{"href":"http:\/\/www.turtolankyla.fi\/index.php?rest_route=%2Fwp%2Fv2%2Fmedia&parent=690"}],"curies":[{"name":"wp","href":"https:\/\/api.w.org\/{rel}","templated":true}]}}